30*2/(-8)?
3
Suppose -11*w - 108 = -38*w. What is the hundreds digit of (1 - (-129 - -9))/(2/w)?
2
Let u = -164 - -167. Let a = u + 393. What is the hundreds digit of a?
3
Suppose -5184 = 2*k - 13370. What is the units digit of k?
3
Let l(k) = 494*k - 110. What is the thousands digit of l(5)?
2
Let s = -5924 - 1234. What is the units digit of s/(-14) - (-46)/(-161)?
1
Let h(j) = 9*j**3 + 55*j**2 + 2*j - 5. What is the tens digit of h(5)?
0
Let m = -160 - -202. Suppose 0 = c - 3*q - 47 - m, 2*c + 3*q = 160. What is the tens digit of c?
8
Let z(f) = -f**3 + 23*f**2 + 48*f + 29. Let x be z(22). Suppose -3*o + b + 1440 = 507, 3*b - x = -5*o. What is the tens digit of o?
1
Let u(c) = -13*c**2 + 2164*c - 30. What is the ten thousands digit of u(124)?
6
Suppose 2*w + 2*f = 12, w + 6*f - 6 = 3*f. Suppose 0 = -w*m + 4*m + 230. What is the hundreds digit of m?
1
Let w(o) = o + 2545*o**2 - 2*o - 2445*o**2. What is the tens digit of w(2)?
9
Let j(z) be the second derivative of -55*z**3/3 - 27*z**2/2 + 10*z + 2. What is the hundreds digit of j(-4)?
4
Let k = -746 - -1847. Let w = k + 248. What is the units digit of w?
9
Let r(g) = 140*g**2 + 65*g - 1036. What is the tens digit of r(15)?
3
Let x = 90366 - 50301. What is the thousands digit of x?
0
Let y(b) = -b**3 - 5*b**2 + 4*b - 5. Let p be y(-6). Let i = -1676 + 1673. What is the hundreds digit of (-35)/(-2)*40/(i + p)?
1
Suppose -37*i = 48*i - 396355. What is the thousands digit of i?
4
Let p(w) = 1813*w**2 - 6*w - 2. Let k be p(-2). Suppose -9*s + k + 2800 = 0. What is the units digit of s?
8
Suppose 126 = 12*u - 606. Suppose u*f = 68*f - 6048. What is the hundreds digit of f?
8
Suppose -6 = -3*j - 0. Suppose j*v - 5*u = -3, -3*v - 2*u + 10 = -6*v. What is the units digit of ((-154)/8 - 3)*v?
9
Let n = -100420 + 175932. What is the thousands digit of n?
5
Let c be (-244)/61 + (-1596)/(-1). Suppose o - 3*o - 4*b = -c, 1577 = 2*o - b. What is the hundreds digit of o?
7
Let r(n) = 10*n**2 + 18*n + 5. Let s(j) = 2*j + 21. Let o be s(-14). What is the hundreds digit of r(o)?
3
Let y = 36329 + -9440. What is the units digit of y?
9
Let j be (-565)/(-1) + (3 - 3). Let v = 503 + j. What is the tens digit of v?
6
Let h = -424 - -264. Let j = h + 330. Suppose -5*v - 5*o + j = -0*v, -o + 150 = 5*v. What is the units digit of v?
9
Let s(b) = 3*b**2 - 3*b + 1. Let d be s(2). Suppose -g + 5*a + 13 = 0, 3*a + d = -g - 4. What is the tens digit of (-24)/g*(-46)/(-8)?
6
Suppose 0 = 6*c - 69 - 21. Suppose -8*v - 21 = -c*v. Suppose 82 = v*u - u. What is the units digit of u?
1
Suppose -3*c = -4*s - 33, -c - 4*s + 9 = 2*c. Suppose 4*m = 2*b + 2518, 4*m - c*b - 2528 = -3*b. What is the hundreds digit of m?
6
Let v(s) = -2*s**3 - 19*s**2 - 6*s + 20. Let a be v(-9). What is the hundreds digit of 56/(-2)*a - 1?
1
Let d(g) = -39*g - 35. Let q be (-4 - 56/(-12))/((-1)/3). What is the tens digit of d(q)?
4
Suppose 1 = n, s - 3*n - 6670 - 5544 = 0. What is the thousands digit of s?
2
Let w be 3/((-228)/(-40) - 6). What is the tens digit of (-357)/(-4) + w/40?
8
Suppose -4*u + a + 1105 = 0, 5*a + 11 = -14. Suppose -u*x = -276*x + 1016. What is the units digit of x?
6
Let b(o) = -24071*o - 3413. What is the tens digit of b(-2)?
2
Suppose 24 = j - 5*j. Let q be (-8)/j*(-2)/(-4)*6. Suppose -q*s = -34 - 174. What is the units digit of s?
2
Suppose -5*f - 2*l + 925 = -17, -f - l + 189 = 0. Suppose -f = -5*q + 4*q - 2*r, -5*q - r + 940 = 0. What is the units digit of q?
8
Let r = -1937 + 3752. Suppose -k - 1124 = -r. What is the tens digit of k?
9
Let l be 2 - (594 - (7 - 6)). Let r = l + 649. What is the units digit of r?
8
Suppose -4*k - 4*k = 360. What is the hundreds digit of (-18)/k + (-1898)/(-5) + 1?
3
Suppose u = k + 10, 2*k - 12 = -u + 5*k. Let y(t) = 28*t - 17. What is the hundreds digit of y(u)?
2
Suppose 4*v = -3*y - 78, -22*v + 104 = -4*y - 19*v. Suppose -65 = 2*m - 3*l + 48, 4*m + l + 205 = 0. Let n = y - m. What is the units digit of n?
6
Let j(y) = y**2 + 5*y + 10. Let d be j(-4). Let a(l) = l**3 - 7*l**2 + 6*l + 4. Let w be a(d). Suppose w*z - 275 = 157. What is the units digit of z?
8
Suppose 28*t + 39585 = 41*t. Let b = -2175 + t. What is the tens digit of b?
7
Let k = 6 - -19. Let n be 2/10 - (-395)/k. Let w = n + 13. What is the units digit of w?
9
Let h = -11822 - -6411. What is the units digit of 1/2 + h/(-14)?
7
Suppose 3*q + d = 280 + 16072, -d - 1 = 0. What is the thousands digit of q?
5
Suppose 5*h = 0, -3*h + 128 = -4*f - 4*h. What is the hundreds digit of (-12)/32 + (-18988)/f?
5
Let n = 8375 + -3364. What is the thousands digit of n?
5
Suppose -2*u - u = 5*h - 40, 5*u - 20 = h. Suppose -13 = -0*b + 4*b + u*s, -3*b = -5*s - 34. What is the units digit of (-2 + b)*106/1?
6
What is the thousands digit of (-618)/(-3)*4*((-2820)/(-80) + -7)?
3
Let x = 465 + -467. What is the tens digit of -2 - (-531)/x*(-47 + 41)?
9
What is the hundreds digit of (11 - 12)/((-115871)/(-38626) + -3)?
5
Let h(r) = -15*r + 74. Let o be h(5). What is the units digit of -5 - -2 - 135*o?
2
Suppose -10*a = -17 - 263. Suppose 35*s - 2030 = a*s. What is the hundreds digit of s?
2
Suppose 0 = -3*v + 2*x + 143194, 2*x + 333722 - 95072 = 5*v. What is the hundreds digit of v?
7
Let h = 89305 - 54236. What is the thousands digit of h?
5
Let i = -276 - -281. Suppose -i*y - 4063 = -4*x, 2*x + y + 2*y - 2015 = 0. What is the thousands digit of x?
1
Suppose 4*d + 2*c = -628 + 6720, -3*c - 1537 = -d. Suppose d = 6*a - 137. What is the hundreds digit of a?
2
Let t be 52/(-65) - (1178/(-10) - 2). Let z = 496 - t. What is the hundreds digit of z?
3
Suppose -34 = 7*m - 1147. Let t = m - 58. What is the units digit of t?
1
Let f(s) = 35*s + 10. Let z be (-8)/(-18)*288/64. What is the tens digit of f(z)?
8
Let b = 48 + -44. Suppose -5*i = -4*j + 3*j - 11, b*i - 9 = j. Let m(q) = 10*q - 7. What is the units digit of m(i)?
3
Suppose -4*p - 64860 = -3*j + 53646, 0 = 3*p - 5*j + 88885. What is the tens digit of (8/6)/((-50)/p)?
9
Let u(c) = 37*c - 8. Let a(l) = l**2 + 16*l + 47. Let o be a(-11). Let z be u(o). Let p = z + 510. What is the units digit of p?
6
Let g = -1559 - 6573. Let k = 36 + -32. What is the tens digit of (g/(-22))/2 + k/22?
8
What is the units digit of (348/36)/((-5)/(-435))?
1
What is the ten thousands digit of ((-80397)/(-6) - 10) + (-6)/(-4)?
1
Suppose -12*p = 2*j - 10*p - 2770, -j = -3*p - 1397. Suppose -232 + j = o. What is the units digit of o?
6
Suppose 0 = -490*c + 487*c + 28995. What is the tens digit of c?
6
Let a = 206 - 371. Let w(q) = 20*q - 24. Let u be w(-4). Let o = u - a. What is the tens digit of o?
6
Suppose 2*s = r + r - 142, -r + 145 = -2*s. Let g = 238 + s. Suppose -3*a - g + 548 = 0. What is the units digit of a?
8
Suppose -c - 4*l - 18 = 0, c + 8 + 0 = -2*l. Suppose f - c*o = 43, 2*f - o = -2*o + 61. Suppose -8*d = -f - 7. What is the units digit of d?
5
Suppose -60295*t + 60307*t - 97224 = 0. What is the thousands digit of t?
8
Suppose -4*t - 5*f + 115116 = -164410, 0 = -5*t + 2*f + 349391. What is the ten thousands digit of t?
6
Let g = 44088 - 27645. What is the units digit of g?
3
Suppose -73985 = -26*z - 197. Suppose 70*b - z = 67*b. What is the tens digit of b?
4
Suppose 4*r - 2*r = -t + 28, -48 = -4*r - 4*t. What is the hundreds digit of 11271/12 - 4/r?
9
Let y = 199 + -179. What is the tens digit of y/((48/(-68))/(-6))?
7
Suppose -b - 5*b - 150 = 0. Let i = b - -36. What is the tens digit of (1/2)/(i/1826)?
8
Suppose 633 = -u + 159. Let q = u - -1752. What is the tens digit of q?
7
Let s(f) = -f**3 - 51*f**2 + 37*f - 198. Let h be s(-52). Suppose 2*b - h = -4*d + 5*d, -4*d = 2*b - 562. What is the tens digit of b?
8
What is the units digit of 2/7 + (-4411304)/(-973)?
4
Let w be ((-18)/(-12))/(12/(-64)). Let r(n) = -26*n - 75. What is the tens digit of r(w)?
3
Let y = -41 + 47. Suppose 3*f = -y, -2*f = -c - 3*f + 234. What is the hundreds digit of c?
2
Let q(r) = r**3 + r**2 - 8*r - 4. Let i be q(0). What is the hundreds digit of (i*(-548)/64)/((-2)/(-8))?
1
Let g be (-8012)/(-20) - 0 - 2/(-5). What is the thousands digit of g/(4*6/72) - 5?
1
Let d = 22179 + 38058. What is the ten thousands digit of d?
6
Suppose 4 = -3*d + 5*d. Let j(x) = -2*x + x**3 + 3*x**d + 0*x + 0*x - 4*x**2 + 11. What is the tens d